ert 3720274 (base 9) to base 7.
23115115
What is -101111110101111010 (base 2) in base 13?
-6b270
-5443051 (base 6) to base 16
-41fa7
23c787 (base 14) to base 8
4531143
What is 2036064 (base 8) in base 6?
15322340
-31033232323 (base 4) to base 15
-488c7a
Convert 195454 (base 11) to base 2.
1001001001111110010
Convert 369149 (base 10) to base 9.
622335
4202141 (base 5) to base 4
100312312
1000000110011010001110 (base 2) to base 9
3885680
-16b0b66 (base 12) to base 6
-244531410
Convert 31014424 (base 5) to base 6.
5215051
6a7db (base 14) to base 10
259501
What is -237523 (base 11) in base 3?
-201002201220
41200234 (base 5) to base 14
89c4c
Convert 1211045 (base 6) to base 11.
43994
What is -e14e (base 15) in base 9?
-72202
What is -251792 (base 10) in base 5?
-31024132
Convert -13bd1f (base 16) to base 3.
-2102201111002
What is 3514163 (base 10) in base 8?
15317463
Convert 100254335 (base 6) to base 10.
1702643
What is -1010202331 (base 4) in base 16?
-448bd
-4424121 (base 5) to base 3
-10220022221
-110012320 (base 4) to base 11
-56973
22415434 (base 8) to base 14
905c84
What is 41444434 (base 5) in base 7?
2631112
-1504035 (base 6) to base 4
-111012113
Convert 201020100020 (base 3) to base 11.
2394a2
-1002102101121011 (base 3) to base 5
-13000323103
What is 568 (base 10) in base 13?
349
Convert 434171 (base 14) to base 12.
91a21b
What is -331332120 (base 4) in base 3?
-110220012210
-2021110202121 (base 3) to base 7
-13166413
-36246 (base 7) to base 16
-24b1
What is 183327 (base 9) in base 3?
12210100221
Convert -8a4b1 (base 12) to base 4.
-230321011
What is 100100010100100101111 (base 2) in base 12?
494927
-25155004 (base 7) to base 4
-20221030012
What is -4031b2 (base 13) in base 14?
-2aba8d
What is 74688 (base 14) in base 3?
112021201020
11a422 (base 12) to base 9
477268
What is 34948 (base 11) in base 15?
ede3
What is 150ba (base 15) in base 7?
401206
Convert 1052614 (base 7) to base 14.
3587b
2075938 (base 12) to base 16
5d7dfc
180504 (base 9) to base 5
12040241
What is -3432003 (base 5) in base 12?
-2b713
3397a5 (base 16) to base 8
14713645
What is 1100111101010101010101 (base 2) in base 16?
33d555
What is 10132122 (base 4) in base 15?
5670
What is -431212200 (base 5) in base 10?
-1819675
What is -156210 (base 8) in base 6?
-1113212
-223622 (base 8) to base 3
-10211210110
Convert -1330351 (base 7) to base 4.
-222311200
-3301504 (base 6) to base 15
-33781
-151672 (base 8) to base 2
-1101001110111010
Convert 1211201220211 (base 3) to base 8.
3570054
What is -3424051 (base 8) in base 10?
-927785
What is -6231dc (base 15) in base 7?
-54451332
What is -1110100111110111110 (base 2) in base 11?
-2a8006
What is -3411 (base 12) in base 11?
-4379
Convert -33143531 (base 7) to base 8.
-12700723
Convert -1011000101111011010 (base 2) to base 8.
-1305732
Convert 102037 (base 10) to base 2.
11000111010010101
Convert 17216 (base 10) to base 11.
11a31
What is 2d3a93 (base 14) in base 8?
6030341
-244bb04 (base 12) to base 2
-11010111110010001110100
Convert 46471 (base 13) to base 15.
27eb4
-11771c (base 15) to base 9
-1512640
Convert 4063443 (base 8) to base 7.
12065023
What is 10202202101200 (base 3) in base 9?
3682350
-12012311212 (base 4) to base 3
-10000022222111
-11425351 (base 6) to base 8
-1302043
What is -495 (base 12) in base 11?
-577
120312112 (base 6) to base 9
4231378
1112110213 (base 4) to base 9
588011
b0980 (base 14) to base 6
13033020
-a0a75 (base 11) to base 13
-522c9
What is 6eda9 (base 16) in base 9?
761757
What is 58708 (base 10) in base 6?
1131444
-45541044 (base 8) to base 12
-3385798
Convert -32314402 (base 6) to base 5.
-221140004
1326212 (base 7) to base 14
47b09
What is 25532000 (base 6) in base 3?
1120111021000
What is 331051 (base 7) in base 8?
161223
Convert -100534111 (base 6) to base 7.
-20435113
41201 (base 11) to base 13
214b0
185a66 (base 11) to base 15
59b96
What is -38b91d (base 15) in base 9?
-5108261
Convert -22172a (base 12) to base 13.
-15c871
What is -240987 (base 11) in base 12?
-164b8a
What is -9a753c (base 13) in base 8?
-15714202
What is 223409 (base 11) in base 4?
1112320132
Convert 111220121022 (base 3) to base 6.
5511355
What is 304a318 (base 11) in base 14?
a03255
-220313002 (base 4) to base 8
-506702
5115116 (base 7) to base 9
1127632
What is 211c4 (base 16) in base 10?
135620
-1120101 (base 4) to base 10
-5649
854e6 (base 15) to base 16
6744f
-3562410 (base 7) to base 9
-758360
Convert 1032220 (base 7) to base 13.
45265
What is 8a3c4 (base 13) in base 12?
1013b1
Convert -333132230 (base 4) to base 14.
-6aa84
What is -1210222121100 (base 3) in base 15?
-140a39
-113231 (base 5) to base 16
-105f
-4ca146 (base 14) to base 16
-284872
-2516d8 (base 15) to base 2
-110110001110010100011
What is 155242 (base 10) in base 16?
25e6a
Convert -434b78 (base 14) to base 10.
-2279782
1470133 (base 10) to base 5
334021013
Convert ae08c (base 16) to base 2.
10101110000010001100
Convert -77a289 (base 11) to base 4.
-10233211211
40aec (base 16) to base 9
443377
What is -156387 (base 11) in base 13?
-86613
10111101000111111101 (base 2) to base 8
2750775
What is -22223301 (base 5) in base 11?
-123933
What is -1233aa3 (base 11) in base 5?
-1022033102
Convert 153464301 (base 7) to base 3.
201102020111000
Convert a3d95 (base 16) to base 3.
1021002121111
What is -1011001100111010000100 (base 2) in base 12?
-b97404
What is -42b09 (base 13) in base 12?
-598a2
-15141426 (base 7) to base 5
-332020013
-242321340 (base 5) to base 3
-2010201002100
What is 1130111441 (base 5) in base 8?
11663151
What is -10040004 (base 6) in base 7?
-2265160
-223888 (base 9) to base 12
-6575b
What is 562547 (base 11) in base 9?
1615581
Convert -502278 (base 15) to base 11.
-2169163
-98894 (base 11) to base 2
-100011000010000000
407035 (base 9) to base 7
2023406
Convert -102202212220011 (base 3) to base 2.
-10111110111100100100010
-133403 (base 9) to base 5
-10044441
Convert 2ac49 (base 15) to base 2.
100001101000101001
Convert -60a2a6 (base 11) to base 6.
-33000530
Convert 403627 (base 8) to base 2.
100000011110010111
Convert -139314 (base 11) to base 8.
-650363
What is 6a59a2 (base 12) in base 10?
1710410
What is -4642401 (base 9) in base 6?
-125431301
Convert -3034300124 (base 5) to base 16.
-5e14a0
What is -1100001022111 (base 3) in base 5?
-140201141
What is 65c4a (base 13) in base 10?
184441
4a8a59 (base 13) to base 6
102211334
Convert -2260f (base 16) to base 3.
-21011011101
-1a504aa (base 11) to base 13
-93cccc
-2d4a16 (base 14) to base 13
-437a6a
10001101000110110 (base 2) to base 13
26b65
What is -1942618 (base 12) in base 3?
-100222220201202
What is 22330425 (base 6) in base 5?
133234221
Convert -100000001000101101000 (base 2) to base 3.
-1222111111012
-2240321 (base 6) to base 8
-336771
Convert 1d741 (base 14) to base 12.
37851
Convert -8043 (base 14) to base 5.
-1201021
-111010100100110000011 (base 2) to base 14
-37d695
469280 (base 11) to base 15
ea83e
What is -375eb (base 15) in base 2?
-101011001011001110
-19684 (base 12) to base 5
-2143002
Convert 205028 (base 14) to base 13.
2c1b24
Convert -102111010122012 (base 3) to base 5.
-3030320011
12745442 (base 9) to base 7
104313401
-10550444 (base 6) to base 11
-202590
-6200880 (base 10) to base 14
-b75b20
Convert 4440105 (base 7) to base 16.
85a9a
Convert -8a8a85 (base 11) to base 15.
-1d8a14
What is 15055243 (base 6) in base 2?
1111111001010101011
Convert 28387 (base 13) to base 15.
174b1
199285 (base 10) to base 5
22334120
Convert 30130033 (base 5) to base 6.
5044145
What is 179646 (base 10) in base 16?
2bdbe
Convert -2222521 (base 6) to base 5.
-12041311
55006655 (base 7) to base 16
47d800
9950 (base 10) to base 3
111122112
-9e3b56 (base 15) to base 14
-1009806
34463722 (base 9) to base 11
9502867
What is -242674 (base 8) in base 13?
-2bc56
What is -2c50b (base 13) in base 7?
-500616
Convert 111013 (base 8) to base 15.
b127
Convert 52436 (base 10) to base 7.
305606
What is 1004611 (base 7) in base 11?
81716
Convert -1051650 (base 8) to base 2.
-1000101001110101000
What is -22928 (base 14) in base 4?
-110202120
-10010110010101011 (base 2) to base 6
-1352203
What is -12555003 (base 8) in base 12?
-b3522b
What is 1021200022000 (base 3) in base 9?
1250260
-1104455 (base 6) to base 8
-154263
322